e?
True
Is 10336659917 a prime number?
True
Is 24376180445 a composite number?
True
Is 30206710367 composite?
False
Is 136755287 prime?
True
Is 23583770423 composite?
False
Is 6326050631 a prime number?
False
Is 250725120059 prime?
False
Is 1966108247 a composite number?
False
Is 85817237 prime?
False
Is 3982043497 composite?
True
Is 24344735323 a prime number?
True
Is 2082777707 a composite number?
False
Is 271121737 a prime number?
True
Is 58208260573 a prime number?
True
Is 10451076371 a composite number?
False
Is 342672821 a prime number?
True
Is 220233719 composite?
False
Is 45751473071 prime?
True
Is 12736898299 a prime number?
False
Is 6919968499 a prime number?
False
Is 2689253465 a composite number?
True
Is 3216505637 a prime number?
False
Is 10054278623 composite?
True
Is 210246075313 prime?
False
Is 16882175437 prime?
True
Is 9646298051 a prime number?
False
Is 4835067697 a composite number?
False
Is 3090490541 composite?
False
Is 16113523121 composite?
False
Is 67874531659 composite?
True
Is 4891559993 prime?
False
Is 143288099 a composite number?
False
Is 636123307 composite?
True
Is 31898860811 prime?
False
Is 999439993 prime?
True
Is 48756552787 composite?
False
Is 135532327 a composite number?
True
Is 26427377 prime?
False
Is 8358725729 a prime number?
True
Is 40839553 a prime number?
True
Is 335730319 a prime number?
True
Is 55380151 a composite number?
False
Is 175602461 composite?
False
Is 1154100809 a composite number?
True
Is 6100106737 composite?
False
Is 14766715589 prime?
False
Is 151376167 prime?
True
Is 234740929 prime?
True
Is 2938652894 a prime number?
False
Is 128831065711 composite?
True
Is 107640603737 prime?
False
Is 60911536117 a prime number?
False
Is 60338521437 composite?
True
Is 20407957519 composite?
False
Is 2853827321 a prime number?
False
Is 665734735 composite?
True
Is 6528107837 a composite number?
True
Is 3430365865 composite?
True
Is 34761487651 a prime number?
False
Is 153578103149 a prime number?
True
Is 20136013 prime?
False
Is 62100401 prime?
False
Is 580086041 a prime number?
False
Is 101240951551 prime?
False
Is 906875621 a prime number?
True
Is 10411115811 composite?
True
Is 20782978097 a composite number?
True
Is 580812359 a prime number?
True
Is 1623093737 a composite number?
False
Is 1576179047 a composite number?
True
Is 436486647 a composite number?
True
Is 198938815 prime?
False
Is 522390929 a composite number?
True
Is 22142110973 a composite number?
False
Is 149771851331 a composite number?
False
Is 10017913981 a composite number?
False
Is 11011968431 a prime number?
False
Is 199372063655 prime?
False
Is 500438143 prime?
True
Is 91584043403 a prime number?
False
Is 156637970701 a prime number?
True
Is 48352386083 prime?
True
Is 3141554737 composite?
False
Is 2441583181 composite?
False
Is 29385337 composite?
True
Is 10576580851 a composite number?
True
Is 478894842597 prime?
False
Is 6852275471 prime?
True
Is 465959981 composite?
True
Is 896005423 composite?
True
Is 661984469 prime?
False
Is 45850078907 prime?
True
Is 45837972723 composite?
True
Is 582243247 composite?
False
Is 112681743731 composite?
True
Is 1433139667 prime?
True
Is 44618055037 prime?
False
Is 18885505589 a composite number?
False
Is 9069981169 a composite number?
False
Is 70833449 a prime number?
True
Is 4102548949 composite?
False
Is 3200072411 a prime number?
True
Is 7078177693 a composite number?
False
Is 12312976993 prime?
True
Is 2252221663 prime?
False
Is 14939767859 composite?
True
Is 2355242303 a prime number?
True
Is 3799320457 a composite number?
True
Is 16937043685 prime?
False
Is 519703 a composite number?
False
Is 4626060007 a composite number?
True
Is 722346629 composite?
False
Is 5708305927 a composite number?
False
Is 673960379 composite?
False
Is 1963405573 a composite number?
True
Is 847334573 a composite number?
True
Is 1594163731 a prime number?
True
Is 10747065821 a prime number?
False
Is 7002439393 composite?
True
Is 59769002899 a composite number?
False
Is 73992554929 a prime number?
False
Is 9646533077 a composite number?
False
Is 1265954087 a prime number?
False
Is 180574616983 a composite number?
False
Is 844618637 a prime number?
False
Is 1097465423 prime?
False
Is 6624884719 a composite number?
True
Is 1572834161 a composite number?
True
Is 129192620363 a composite number?
True
Is 814010663 composite?
True
Is 53351421907 a prime number?
False
Is 16531626633 prime?
False
Is 9722743999 composite?
True
Is 2253958241 composite?
True
Is 381975299 composite?
True
Is 61108467881 composite?
True
Is 67875061 a composite number?
False
Is 162526985 composite?
True
Is 774906997 a prime number?
False
Is 358294241 a prime number?
True
Is 1572118201 a prime number?
False
Is 1107699731 a composite number?
False
Is 51593501 a prime number?
True
Is 3411533101 composite?
False
Is 39879938081 a prime number?
False
Is 7008130777 prime?
True
Is 8752015414 a composite number?
True
Is 41171432513 a composite number?
False
Is 592431641 a composite number?
False
Is 6830607545 prime?
False
Is 11225816863 a prime number?
True
Is 7986101 prime?
False
Is 7080408779 prime?
True
Is 35389655233 prime?
True
Is 9381660517 a composite number?
False
Is 2519785219 prime?
False
Is 108102671045 a prime number?
False
Is 5766838939 a prime number?
True
Is 25901014303 composite?
False
Is 109001096851 a prime number?
False
Is 12840048217 a prime number?
True
Is 6086219939 prime?
True
Is 1951501327 a prime number?
True
Is 1562929957 composite?
False
Is 2545062347 a prime number?
False
Is 1358573917 composite?
False
Is 3840324811 composite?
True
Is 14331007843 a prime number?
True
Is 1394996917 prime?
True
Is 20341158401 composite?
False
Is 6465191743 prime?
True
Is 207778673 composite?
False
Is 1200242083 composite?
True
Is 1102626269 a prime number?
True
Is 1349707477 prime?
False
Is 177647443 a prime number?
True
Is 3314961361 composite?
True
Is 4288726331 a composite number?
False
Is 2636264711 prime?
False
Is 47518984771 a prime number?
True
Is 4740641357 a composite number?
False
Is 2260445603 composite?
True
Is 1368256334 prime?
False
Is 53801908738 prime?
False
Is 763562389 prime?
True
Is 1279511777 a composite number?
True
Is 2489057339 a composite number?
False
Is 3699518447 a prime number?
False
Is 15945382217 a composite number?
True
Is 116690443 a prime number?
True
Is 2781490739 a composite number?
False
Is 1232945999 a prime number?
True
Is 110162071 a composite number?
False
Is 15242156087 prime?
False
Is 9118503103 a prime number?
False
Is 233329991 a composite number?
False
Is 408777433 a prime number?
True
Is 13586550349 prime?
False
Is 28288011467 prime?
False
Is 4800168353 prime?
True
Is 486823663 composite?
True
Is 39383581 prime?
False
Is 149337910751 prime?
False
Is 21667123561 a composite number?
False
Is 18702856439 prime?
True
Is 54835733 composite?
False
Is 18671133517 prime?
False
Is 1757280463 prime?
False
Is 15016879139 a prime number?
False
Is 71593750903 prime?
False
Is 109824499 a composite number?
False
Is 1572519089 a composite number?
True
Is 10196987441 a composite number?
False
Is 14311637071 composite?
True
Is 20357216351 a composite number?
False
Is 116851643 a prime number?
False
Is 16148016719 a prime number?
False
Is 70410007861 a prime number?
True
Is 6569230501 a prime number?
True
Is 252869249 prime?
True
Is 7633104749 a prime number?
False
Is 318550889 a prime number?
True
Is 10196380123 prime?
False
Is 1018250579 a prime number?
True
Is 57548789407 a composite number?
True
Is 41209134137 composite?
True
Is 2277887753 a composite number?
True
Is 8596291 a composite number?
True
Is 20269586687 a prime number?
False
Is 1752399977 prime?
False
Is 2361987785 composite?
True
Is 4961061089 prime?
True
Is 4474399243 a composite number?
True
Is 2006480207 a composite number?
False
Is 11937305573 composite?
False
Is 1083202363 composite?
False
Is 5283330293 a prime number?
True
Is 125572451 a prime number?
True
Is 579615031 composite?
False
Is 3078534167 a composite number?
True
Is 5583433 prime?
True
Is 22029752093 composite?
False
Is 123016333981 a composite number?
False
Is 308055497 a composite number?
False
Is 9869716117 prime?
False
Is 3955166927 a prime number?
True
Is 142996209871 a